{"id":64,"date":"2017-09-16T09:34:42","date_gmt":"2017-09-16T07:34:42","guid":{"rendered":"http:\/\/biob.thgr.ch\/?page_id=64"},"modified":"2022-08-09T09:13:02","modified_gmt":"2022-08-09T07:13:02","slug":"angebot","status":"publish","type":"page","link":"https:\/\/www.bibliothek-obersaxen.ch\/?page_id=64","title":{"rendered":"Angebot"},"content":{"rendered":"<p>Das Bibliotheksteam freut sich, Ihnen ein vielf\u00e4ltiges Medienangebot pr\u00e4sentieren zu d\u00fcrfen!<\/p>\n<h4>Erwachsenenabteilung<\/h4>\n<ul>\n<li>Belletristik<\/li>\n<li>Biografien<\/li>\n<li>Sachb\u00fccher<\/li>\n<\/ul>\n<h4>Jugend- und Kinderabteilung<\/h4>\n<ul>\n<li>Bilderb\u00fccher<\/li>\n<li>Erstes Lesealter<\/li>\n<li>Belletristik<\/li>\n<li>Sachb\u00fccher<\/li>\n<li>Comics<\/li>\n<\/ul>\n<h4>Nonbooks<\/h4>\n<ul>\n<li>CD&#8217;s<\/li>\n<li>H\u00f6rb\u00fccher<\/li>\n<li>DVD&#8217;s<\/li>\n<\/ul>\n<h4>W\u00fcnsche<\/h4>\n<p>Ihre Buchw\u00fcnsche nehmen wir sehr gerne entgegen und versuchen diese bestm\u00f6glich zu erf\u00fcllen. Auch Reservierungen sind m\u00f6glich.<\/p>\n<h4>Benutzungsgeb\u00fchren<\/h4>\n<p><strong>Jahresabo\u00a0<\/strong><\/p>\n<ul>\n<li>Kindergarten und Sch\u00fcler (nur B\u00fccher) CHF 15.00<\/li>\n<li>Lehrlinge und Studenten CHF 20.00<\/li>\n<li>Erwachsene CHF 35.00<\/li>\n<li>Familie CHF 50.00<\/li>\n<\/ul>\n<p>Im Abo inbegriffen sind: DiBiOst, H\u00f6rb\u00fccher, DVD&#8217;s, CD&#8217;s und Spiele.<\/p>\n<ul>\n<li>Einzelausleihe CHF 3.00 pro Medium<\/li>\n<\/ul>\n<h4>R\u00fcckgabe<\/h4>\n<p>Die ausgeliehenen Medien k\u00f6nnen innerhalb der \u00d6ffnungszeiten in der Bibliothek retourniert werden. Daneben k\u00f6nnen Sie diese auch ausserhalb der \u00d6ffnungszeiten im Tourismusb\u00fcro abgeben.<\/p>\n","protected":false},"excerpt":{"rendered":"<p>Das Bibliotheksteam freut sich, Ihnen ein vielf\u00e4ltiges Medienangebot pr\u00e4sentieren zu d\u00fcrfen! Erwachsenenabteilung Belletristik Biografien Sachb\u00fccher Jugend- und Kinderabteilung Bilderb\u00fccher Erstes Lesealter Belletristik Sachb\u00fccher Comics Nonbooks CD&#8217;s H\u00f6rb\u00fccher DVD&#8217;s W\u00fcnsche Ihre Buchw\u00fcnsche nehmen wir sehr gerne entgegen und versuchen diese bestm\u00f6glich zu erf\u00fcllen. Auch Reservierungen sind m\u00f6glich. Benutzungsgeb\u00fchren Jahresabo\u00a0 Kindergarten und Sch\u00fcler (nur B\u00fccher) CHF 15.00 [&hellip;]<\/p>\n","protected":false},"author":2,"featured_media":0,"parent":0,"menu_order":3,"comment_status":"closed","ping_status":"closed","template":"","meta":{"footnotes":""},"class_list":["post-64","page","type-page","status-publish","hentry"],"_links":{"self":[{"href":"https:\/\/www.bibliothek-obersaxen.ch\/index.php?rest_route=\/wp\/v2\/pages\/64","targetHints":{"allow":["GET"]}}],"collection":[{"href":"https:\/\/www.bibliothek-obersaxen.ch\/index.php?rest_route=\/wp\/v2\/pages"}],"about":[{"href":"https:\/\/www.bibliothek-obersaxen.ch\/index.php?rest_route=\/wp\/v2\/types\/page"}],"author":[{"embeddable":true,"href":"https:\/\/www.bibliothek-obersaxen.ch\/index.php?rest_route=\/wp\/v2\/users\/2"}],"replies":[{"embeddable":true,"href":"https:\/\/www.bibliothek-obersaxen.ch\/index.php?rest_route=%2Fwp%2Fv2%2Fcomments&post=64"}],"version-history":[{"count":26,"href":"https:\/\/www.bibliothek-obersaxen.ch\/index.php?rest_route=\/wp\/v2\/pages\/64\/revisions"}],"predecessor-version":[{"id":1421,"href":"https:\/\/www.bibliothek-obersaxen.ch\/index.php?rest_route=\/wp\/v2\/pages\/64\/revisions\/1421"}],"wp:attachment":[{"href":"https:\/\/www.bibliothek-obersaxen.ch\/index.php?rest_route=%2Fwp%2Fv2%2Fmedia&parent=64"}],"curies":[{"name":"wp","href":"https:\/\/api.w.org\/{rel}","templated":true}]}}